t is 65a5 + -3?
65a2
In base 12, what is -638 - 21?
-659
In base 16, what is -34fab - 3?
-34fae
In base 11, what is 4a - -637?
686
In base 4, what is -20 + 11101101?
11101021
In base 12, what is -86 - -21?
-65
In base 14, what is 2d - -d2?
121
In base 16, what is 912 + 3e?
950
In base 2, what is 100010010101111 + -10000?
100010010011111
In base 16, what is 1 - -2cbb?
2cbc
In base 2, what is -100000010111111 + -11101?
-100000011011100
In base 7, what is 51060 + 24?
51114
In base 3, what is -2 + -1102112210000?
-1102112210002
In base 9, what is -3773 + -4?
-3777
In base 10, what is 1174390 + 0?
1174390
In base 9, what is -56560 + 2?
-56557
In base 4, what is 2 + 1331121?
1331123
In base 6, what is 33340 + 5?
33345
In base 11, what is 5 - 4126?
-4121
In base 14, what is -3 + -2c630?
-2c633
In base 15, what is -6 + 14d6d?
14d67
In base 3, what is 20222102222 + -202?
20222102020
In base 11, what is 4 + 30042?
30046
In base 4, what is 202322 - 3031?
133231
In base 13, what is -2097b3 - -2?
-2097b1
In base 4, what is 1012012 - 1202?
1010210
In base 12, what is -49b925 - -5?
-49b920
In base 10, what is 2 - -95957?
95959
In base 4, what is 103 - 20311101?
-20310332
In base 8, what is -45 - 120413?
-120460
In base 11, what is 3 - 62992?
-6298a
In base 5, what is 42 + 11111?
11203
In base 7, what is -1463 - -235?
-1225
In base 13, what is 3908 - 5b?
387a
In base 4, what is -3321300 - 213?
-3322113
In base 16, what is -a + c73c?
c732
In base 11, what is 0 + 9198?
9198
In base 15, what is 4ac + -4b3?
-6
In base 5, what is 122123040 + 4?
122123044
In base 14, what is -4 - 2762?
-2766
In base 12, what is 35 + -1a61?
-1a28
In base 2, what is 111101 + 100011001100011100?
100011001101011001
In base 12, what is -362 + 53b?
199
In base 3, what is -12 + -1100200021?
-1100200110
In base 16, what is -12b + 18?
-113
In base 14, what is -278d - -a?
-2783
In base 8, what is -126 + 370?
242
In base 6, what is 535342 - 2?
535340
In base 8, what is -2 - -53672?
53670
In base 4, what is -12 + -123203?
-123221
In base 15, what is -2 + -9c58?
-9c5a
In base 10, what is 3789 + -2?
3787
In base 11, what is -17331 + -5?
-17336
In base 6, what is -334 + 14001?
13223
In base 16, what is -85 - -2f1?
26c
In base 5, what is 313402230 - -2?
313402232
In base 14, what is -4 + -35a5b?
-35a61
In base 16, what is 5e1 + 4?
5e5
In base 3, what is 2001 + 1021220?
1100221
In base 6, what is -4202 + 251?
-3511
In base 10, what is 666599 - -3?
666602
In base 14, what is -5 + 28b08?
28b03
In base 9, what is 23 - -3505?
3528
In base 13, what is 39c90 - -3?
39c93
In base 14, what is 3 + -21a7?
-21a4
In base 14, what is 4c8 - 2a1c?
-2534
In base 3, what is -2 + -1222101222?
-1222102001
In base 8, what is 125 + -2311?
-2164
In base 14, what is 217bc - 5?
217b7
In base 4, what is -1 - 231113?
-231120
In base 2, what is -1 + -100110100000101100?
-100110100000101101
In base 2, what is -100010110011000 - 1010?
-100010110100010
In base 16, what is 69f + -f1?
5ae
In base 12, what is 1847 - -644?
228b
In base 5, what is 2110 - -1113?
3223
In base 13, what is 17 + 164?
17b
In base 6, what is -40 - -144533?
144453
In base 14, what is 16d3 + -2c?
16a5
In base 12, what is a - -352a?
3538
In base 5, what is 40 - 300342?
-300302
In base 16, what is b - 39f08?
-39efd
In base 9, what is 12 - -241630?
241642
In base 13, what is 44 + -363?
-31c
In base 6, what is 453144 - -11?
453155
In base 4, what is -3 - 1032133331?
-1032200000
In base 2, what is -100100010101 - -1100110?
-100010101111
In base 15, what is -21a27 + -8?
-21a30
In base 16, what is 317d - -68?
31e5
In base 8, what is 27 + 626?
655
In base 12, what is -5 + 19a4a?
19a45
In base 3, what is -201 - -210220000?
210212022
In base 13, what is 132c + -274?
1088
In base 5, what is -1044 - 114?
-1213
In base 13, what is 5 + -9977?
-9972
In base 7, what is 0 + 1425?
1425
In base 3, what is -12111 - 122120?
-212001
In base 12, what is -122443 + -b?
-122452
In base 15, what is 3bc - c4?
2e8
In base 2, what is 101 - -1001011001100101?
1001011001101010
In base 4, what is 13333233 + -3?
13333230
In base 12, what is -8 + -993?
-99b
In base 5, what is -31243 - 4140?
-40433
In base 10, what is -4 - -445039?
445035
In base 5, what is 320 + -212?
103
In base 9, what is -540373 + -2?
-540375
In base 4, what is 12021 - -1230?
13311
In base 2, what is 1010010010010 - 1110101100?
1000011100110
In base 11, what is 9 - 13670?
-13662
In base 5, what is -2100 + 311223?
304123
In base 7, what is 362 + -21502?
-21110
In base 8, what is -15 + -215144?
-215161
In base 3, what is -121021022 - 1010?
-121022102
In base 7, what is 0 - 161645?
-161645
In base 9, what is -5 + -7372?
-7377
In base 9, what is -3886 + -6?
-4003
In base 6, what is -145 + -10150?
-10335
In base 13, what is -7 + 14a5b?
14a54
In base 2, what is -101100 + -1111111000110110?
-1111111001100010
In base 8, what is -104 - -5700?
5574
In base 3, what is 1122211021 - -1100?
1122212121
In base 16, what is -9 + -e2c?
-e35
In base 4, what is 312113113 + 2?
312113121
In base 14, what is 1a - a8?
-8c
In base 16, what is a8 + 54?
fc
In base 6, what is 3212 - 2111?
1101
In base 5, what is -232441 + -3?
-232444
In base 16, what is 70 + -45?
2b
In base 4, what is -20211 - -210?
-20001
In base 11, what is 8 + 9a699?
9a6a6
In base 10, what is 114133 - -2?
114135
In base 11, what is 14 - -530?
544
In base 5, what is -10 - -1122043?
1122033
In base 14, what is -1986 + a?
-197a
In base 4, what is 2320 + 2301300?
2310220
In base 3, what is 10222 - 1111200220?
-1111112221
In base 13, what is -6 + 8655?
864c
In base 2, what is -1001101111 - -11110001?
-101111110
In base 10, what is 2 + 38331?
38333
In base 7, what is 2 + 1300522?
1300524
In base 8, what is 1 - -124077?
124100
In base 5, what is -30 + 1431331?
1431301
In base 3, what is 1101101220100 + 12?
1101101220112
In base 10, what is -977 - 55?
-1032
In base 15, what is -5 + 4183?
417d
In base 6, what is -34 + 2420?
2342
In base 4, what is -21121 + -10013?
-31200
In base 3, what is -21211021002 + 0?
-21211021002
In base 8, what is 7 + 1325505?
1325514
In base 11, what is -a + -4371?
-4380
In base 14, what is -62 + 263?
201
In base 9, what is 242626 + -1?
242625
In base 12, what is -94303 - a?
-94311
In base 4, what is -1012201 + 22?
-1012113
In base 2, what is 11010010 - 1011001?
1111001
In base 12, what is 510 - 79?
453
In base 12, what is -1 + -7607?
-7608
In base 14, what is -1 + 3b25?
3b24
In base 6, what is 40540513 + 2?
40540515
In base 15, what is 113dd - -5?
113e3
In base 10, what is -160028 - 1?
-160029
In base 8, what is -502651 + 11?
-502640
In base 3, what is -11 - -21101120002?
21101112221
In base 9, what is -4 + 43056?
43052
In base 10, what is -69276 + 19?
-69257
In base 5, what is -304040003 - 10?
-304040013
In base 12, what is 5b - -a1ab?
a24a
In base 14, what is -b315 - 26?
-b33b
In base 11, what is -42 - 6a3?
-735
In base 14, what is 15a - -6c7?
843
In base 5, what is -104 + 420?
311
In base 12, what is 1099 + 492?
156b
In base 9, what is 0 + 33708?
33708
In base 5, what is 11334 + 42032?
103421
In base 2, what is 100101100110100111 + -100?
100101100110100011
In base 12, what is 232 + -b8?
136
In base 7, what is -3 - 211442?
-211445
In base 3, what is 100 + -2112000?
-2111200
In base 15, what is 6a29e + 2?
6a2a1
In base 4, what is -131003123 - 10?
-131003133
In base 8, what is -346340 - 2?
-346342
In base 10, what is -8 - -119346?
119338
In base 8, what is 201554 - 6?
201546
In base 12, what is 3 + a924?
a927
In base 12, what is 21314b + -2?
213149
In base 8, what is -7 + 4104?
4075
In base 12, what is 2612a + 1?
2612b
In base 13, what is 11c + 39a?
4b9
In base 5, what is -20032 - 1310?
-21342
In base 12, what is 103a6 + 4?
103aa
In base 4, what is -10 + -1231121?
-1231131
In base 8, what is -50043 + 1?
-50042
In base 5, what is 3 - 2021441?
-2021433
In base 10, what is -9 + -79998?
-80007
In base 9, what is -56 + 504?
437
In base 15, what is 1930e1 - -5?
1930e6
In base 5, what is -3330312 + -24?
-3330341
In base 5, what is 2000242 - 2?
2000240
In base 15, what is -303cb - 4?
-303d0
In base 8, what is 22 + 43225?
43247
In base 9, what is 760 + 173?
1043
In base 4, what is 2033310 - -1?
2033311
In base 15, what is 0 + 5d847?
5d847
In base 7, what is -3550 + -1